derivative of o**2 + 6*o + 592. Let j be 15/(-2) - (-1)/(-2). Determine f(j).
-10
Let z = -8 + 11. Let b(w) = 2*w**3 - w**2 + w**z + 2*w**3 - 7*w**3. Let y(g) = -g + 11. Let x be y(10). Calculate b(x).
-3
Let i(b) be the second derivative of b**4/12 - 14*b**3/3 + 5*b**2/2 - 2*b - 78. What is i(28)?
5
Let t(h) = -h**3 - 6*h**2 - 2*h - 1. Suppose 3*q - 4*q - 4 = 0. Suppose 5*i = -5, -3*u + 12*i = 11*i + 5. Let f = u + q. Give t(f).
11
Let r(s) = s**3 + 7*s**2 + s + 5. Suppose 0 = -2*i + 13 - 3. Suppose c - i = -12. Give r(c).
-2
Let d(s) be the second derivative of s**5/20 - 5*s**4/12 + s**3/2 - s**2/2 - 116*s. Determine d(4).
-5
Let m be ((-10)/4)/((-105)/84). Let t(v) = v - 8. Let s(w) = 4*w - 32. Let l(k) = m*s(k) - 9*t(k). Calculate l(4).
4
Let v(c) be the third derivative of c**7/1260 + c**6/240 + c**5/120 - c**4 - 3*c**2. Let u(b) be the second derivative of v(b). Give u(-2).
3
Let r(b) be the first derivative of -b**3/3 - 3*b**2/2 - 10. Suppose 2*w + 12 = 4. Determine r(w).
-4
Let y(z) = z**2 + 2*z. Suppose q + 3*q - 40 = 0. Let m(c) = -c + 9. Let d be m(q). Let v be (2 + 3 - 1)*d. Calculate y(v).
8
Suppose 17*j = 20*j - 180. Let n = j + -57. Let x(t) = 3*t - 3. Determine x(n).
6
Let a(l) = -l - 1. Let w(q) = 5*q + 7. Let i(g) = 4*a(g) + w(g). Let y be (-3)/(-5) + 52/(-20). Let f be (6 + y)*(-1)/(-2) - 6. Calculate i(f).
-1
Let g(d) = -d**3 - d**2 + d + 12. Let m = -278 + 278. Give g(m).
12
Let o(v) = 40 + 0*v - 21 - v**2 + 3*v - 13*v**3 - 20 - 5*v. Calculate o(-1).
13
Let w(n) = 3*n + 4. Suppose -5*p = -2*z + 23, -13*z = -p - 10*z - 15. Determine w(p).
-5
Suppose -33*h + 37*h + 3*k + 12 = 0, -5*h - 3*k - 15 = 0. Let i(m) = 3*m + 0 - 5 + 4 + 4. Determine i(h).
-6
Let v(y) = 5 - 3 + y**2 + 6*y - 12*y. Suppose 0 = 3*j - 6*j - 150. Let m be j/(-8) + 78/104. Give v(m).
9
Let i(q) = q**3 + 1 + 4*q + 5*q**2 + 3 + 6 - 8 + 0*q. Let y be (-5)/((-2 - 0)/(-2)). Determine i(y).
-18
Let q(b) = -b**2 - b + 3. Let y(s) = s**3 + 7*s**2 - 12*s + 3. Let n be y(-9). Let l = n - -51. Calculate q(l).
3
Suppose 5*k + 90 = -5*b, 3*k - 2*b = -26 - 3. Let f(c) = -c**3 - 14*c**2 - 11*c + 12. What is f(k)?
-14
Suppose 116 - 122 = -b. Let k(x) = -x**3 + 6*x**2 + 7*x - 4. Determine k(b).
38
Let w(d) be the third derivative of d**6/120 - 13*d**5/60 + 11*d**4/24 + 8*d**3/3 - 2*d**2 + 93. Give w(12).
4
Let h(k) = -k**3 + 2*k - 37055 + k**2 - 2*k + 37054. Suppose r - 6*r = 5. Calculate h(r).
1
Let c(l) = 4. Let a(b) = -b - 1. Let h(v) = v**2 + 3*v - 3. Let p be h(-4). Let z(u) = p*c(u) + a(u). Let o(g) = g**2 + 6. Let d be o(0). Give z(d).
-3
Let d(p) = -28 - 43*p**2 + 4*p**3 + 10*p - 5*p**3 + 0 + 32*p**2. Calculate d(-12).
-4
Let i(t) be the first derivative of -5 + 3*t + 1/4*t**4 - 5/3*t**3 - 1/2*t**2. What is i(5)?
-2
Let j(l) = -4*l - 2. Suppose 4*v - 8 = -0*x - 2*x, 16 = 4*x - 3*v. Suppose 0 = -x*q - 28 + 100. Let y = -20 + q. What is j(y)?
6
Suppose 0 = -l + 6*l - 165. Let x = -22 + l. Let q(f) = -13*f - 5. Let p(z) = -7*z - 2. Let c(g) = x*p(g) - 6*q(g). Calculate c(0).
8
Suppose 4*z - 16 = 3*a - 7*a, 0 = -2*z + 2*a. Suppose z*t = 5*c - 0*t - 34, 22 = 2*c - 5*t. Let m(g) = 5 + 5*g - g**2 + 4 - 2. Give m(c).
1
Let w(v) = -v**2 - 6*v. Suppose -5*a = -93 - 107. Suppose -3*m - 2*j = -4*j + 13, 4*m + a = -3*j. Give w(m).
-7
Let h = 8 - 0. Suppose 0*r + 4*r = h. Let q(n) = r + 5*n + 4*n**2 - 2*n - 1 + n**3. Determine q(-2).
3
Let h(b) = -5*b + 2 - 15*b - 5*b + 34*b - 10*b. Calculate h(0).
2
Let h(t) = -t**3 + 7*t**2 + 2*t - 9. Suppose 6 + 0 = -2*r, r = -c + 14. Suppose 3*n = b - 19, 4*b + n - c = b. Determine h(b).
5
Let u(j) = -11*j + 4. Let h(c) = c - 1. Let v(k) = 3*h(k) - u(k). Let n(w) = 7*w - 4. Let x(a) = 5*n(a) - 3*v(a). Calculate x(2).
-13
Let d(y) = 3*y + 0*y + y - 7 - y. Let h(j) = 4*j - 8. Let i(s) = 5*d(s) - 4*h(s). Determine i(-3).
0
Let k(l) = 5*l - 5. Let f be k(2). Let v(s) = -s**2 - 2*s + f*s - s**3 + 3 - 3. Determine v(-3).
9
Let p(y) = 1 + 41*y**3 - 43*y**3 - y + 3*y**2 + 0*y**2 - 2*y. Suppose -5*o + 20 + 10 = -3*f, -4*o - 4*f + 24 = 0. Let d = -4 + o. Give p(d).
-9
Let s(w) be the first derivative of w**3/3 + w**2/2 - 4*w + 4. Let l(u) = -u**3 - 17*u**2 - 15*u + 3. Let d be l(-16). Let n = d - -13. What is s(n)?
-4
Suppose y + 3*y - 8 = 0. Suppose 44 = -3*k + y*a, -3*a = 3*k + 36 - 12. Let c(i) = -i**2 - 11*i + 10. Give c(k).
-2
Let y(t) = -5*t**2 + 12*t - 3. Let h(g) = 14*g**2 - 36*g + 8. Let c(z) = -6*h(z) - 17*y(z). What is c(-9)?
-24
Let p(i) be the first derivative of -i**2/2 + i + 69. What is p(6)?
-5
Let p(b) be the third derivative of -b**6/60 + b**5/15 - b**4/12 - b**3/6 - 2*b**2. Suppose 6*n = 2*n + 8. Give p(n).
-5
Suppose -180 = 2*w + 2*w. Let c be 2/5 + (-117)/w. Let r(v) = -57*v - 3 + v**c + 56*v + 5. What is r(-2)?
-4
Let j(h) = -h**2 + 9*h - 7. Let q = -37 - -33. Let i = 10 + q. Calculate j(i).
11
Let c(d) = d - 4. Let r = -8 + 11. Suppose 2*t - r*t = 32. Let a = -25 - t. Determine c(a).
3
Suppose -12*u + 13*u - 3 = 0. Let g(b) = 5*b - u*b + 1 - 3*b - 4*b. Let n = 2 + -1. Give g(n).
-4
Let y be (38 + -50)/(-14 - -2). Let b(r) = -4*r**2 - 3*r + 3. Give b(y).
-4
Let a(x) = -x**2 + 5*x. Let g be a(4). Let y be (g/(-7))/((-2)/7). Let z(k) = k + 3*k + 0 + 2. What is z(y)?
10
Let n(o) = -3*o - 2*o + 9*o - 5*o - 1. Calculate n(-8).
7
Let w(a) be the second derivative of -a**3/6 + 19*a**2/2 + 108*a. Give w(19).
0
Let a(r) = 222 - r + 0*r + 214 - 456. Determine a(-19).
-1
Let v(o) be the third derivative of o**5/60 - o**4/4 + 5*o**3/6 + 3*o**2. Let m be -1*((-10)/6 + 20/(-6)). Give v(m).
0
Let x = -5 + 8. Let y(s) = s + 5 + 0*s**2 + x*s**2 - s**3 + 4*s**2. What is y(7)?
12
Let g(s) = -s + 13. Let q(b) = -6*b - 138. Let t be q(-24). Determine g(t).
7
Let o(a) = -a + 5. Let y be 12*((-3)/(-2) - 1). Suppose y*i + 16 = 10*i. What is o(i)?
1
Suppose -4*h + 20 = h. Let i(d) = 4 + h*d - 7*d + 5*d. Suppose 170*b - 182*b - 60 = 0. What is i(b)?
-6
Let u be ((-3)/3)/(4/4). Let h(o) = 8*o - 1. What is h(u)?
-9
Suppose -3*u - u - 20 = 0. Let w be (-1)/3*(-1 - 8). Let j(f) = -3 - w*f + f - 3*f + 4*f. What is j(u)?
2
Let z be -2 - (-4 + 5) - -5. Let p(c) = 2 - c + 0 + 22*c**2 - 21*c**2. What is p(z)?
4
Let r(y) = 3*y**2 - y - 1. Let p = 180 + -178. Determine r(p).
9
Let c(z) = z - 1. Let i(x) = x**3 + 25*x**2 + x + 4. Let o be i(-25). Let n = o + 26. Determine c(n).
4
Let k(s) be the second derivative of 0 + 0*s**2 + s - 1/2*s**3 + 1/4*s**4. Let u be (551/348)/(2/24) + -16. What is k(u)?
18
Suppose 16*s - 170 = 6*s. Let i(v) = -2*v + 31. Determine i(s).
-3
Suppose 0 = 7*b - 839 - 316. Let m(q) = -2*q + 172*q**3 + q - q**2 - b*q**3. Let w = 2 + -3. Give m(w).
-7
Let r(p) = p**3 + 7*p**2 + 5*p - 6. Let c = -1 + 1. Let z be (-1 + -4)/((-4)/(-4) - c). Calculate r(z).
19
Let x(a) be the second derivative of -a**5/20 - 13*a**4/12 - a**3/6 - 3*a**2 + 14*a - 2. What is x(-13)?
7
Suppose -3*g - 10 = -19. Let d(v) = -2*v + 7*v - v**2 + 0*v**2 - g + 8. Let p = -2 - -7. What is d(p)?
5
Suppose -5*d = 5*q - 25, 0 = -d - 4*q - 11 + 28. Let u(z) = -z + 5. Let w be u(5). Let i(s) = -1 - 2*s**2 + 2*s**3 + 3*s**2 + w*s**3 + s. Calculate i(d).
3
Let p = -465 + 469. Let i(b) be the third derivative of -1/2*b**3 + 4*b**2 - 1/12*b**5 + 0 + 0*b - 1/120*b**6 - 1/12*b**p. What is i(-5)?
7
Suppose t + 2 = -3, d + 21 = 4*t. Let s = d + 41. Let h(i) = -i**2 + 4*i - 15. Let r(g) = -g + 1. Let y(j) = h(j) + 3*r(j). Give y(s).
-12
Suppose x + 1 = 2*s - s, 4*s = -4*x + 28. Suppose 3*g + 2*g + 4*u = -36, 4*g - x*u = -4. Let o be (-1 - (-2)/g)*2. Let f(p) = -p**2 - 4*p - 4. Determine f(o).
-1
Let j be 6/(4 - 55/10). Let t be j*((-2)/4 - -2). Let z(k) = k**2 + 8*k + 2. Determine z(t).
-10
Let a(f) = 2*f**2 + 16*f - 15. Let o(p) = -p**2 - 8*p + 8. Let t(h) = -3*a(h) - 5*o(h). Determine t(-7).
12
Let s(k) = -35*k**2 - 37*k + 17. Let c(b) = -12*b**2 - 13*b + 6. Let g(d) = -17*c(d) + 6*s(d). What is g(1)?
-7
Let o(d) = 17*d**2 + d + 1. Let w(c) = 2*c + 2. Let x be w(-3). Let j be 2/((6 - 4) + x). Give o(j).
17
Let i(s) = -s**2 + 3*s - 2. Suppose -3*j + 1 = -2*j, 0 = 5*o - 3*j - 2. Let t be i(o). Let k(g) = -g**2 - g - 1. Determine k(t).
-1
Let c(p) be the third derivative of -p**8/20160 + p**7/1680 + p**6/360 - p**5/60 + 3*p**3/2 + 13*p**2. Let j(a) be the third derivative of c(a). Give j(